and 908.
227
Calculate the highest common divisor of 16832784 and 38.
38
What is the highest common divisor of 1334 and 51152?
46
Calculate the greatest common divisor of 26969751 and 358.
179
What is the highest common divisor of 329 and 381318567?
329
Calculate the greatest common divisor of 951633 and 387.
387
What is the greatest common factor of 193237 and 1452?
121
Calculate the highest common divisor of 738 and 24051666.
246
What is the highest common divisor of 272223 and 82695?
447
What is the greatest common divisor of 493110 and 1152?
18
What is the greatest common factor of 207536 and 7531?
17
What is the greatest common divisor of 49 and 134130759?
7
Calculate the greatest common factor of 42253867 and 2086.
149
What is the highest common divisor of 325054836 and 1080?
108
Calculate the highest common factor of 335 and 1780257.
67
What is the greatest common factor of 2454 and 106087647?
1227
What is the highest common factor of 4669790 and 200?
10
Calculate the greatest common divisor of 13220995 and 215.
215
What is the greatest common divisor of 47349657 and 9?
9
Calculate the highest common divisor of 7564889 and 8032.
251
Calculate the highest common factor of 6160 and 177987348.
308
What is the highest common factor of 175 and 289597850?
25
Calculate the highest common divisor of 3408 and 248092176.
3408
Calculate the greatest common divisor of 3187096 and 2816.
88
What is the greatest common divisor of 124775733 and 221?
17
Calculate the greatest common divisor of 16038090 and 6.
6
What is the greatest common divisor of 7590 and 20370778?
46
What is the greatest common divisor of 56 and 886900?
28
Calculate the highest common factor of 196364 and 27468.
28
What is the greatest common factor of 1474927123 and 17?
17
Calculate the highest common divisor of 893 and 2302021.
19
Calculate the greatest common factor of 768802761 and 9.
9
Calculate the greatest common divisor of 7007 and 4192881.
539
Calculate the highest common factor of 3944 and 138224875.
493
Calculate the greatest common divisor of 1086 and 1129031121.
543
Calculate the greatest common divisor of 52257249 and 18.
9
What is the greatest common divisor of 22945 and 954865?
1765
Calculate the greatest common divisor of 6123667 and 55.
11
Calculate the highest common divisor of 4312 and 7742.
98
What is the greatest common factor of 3345 and 4097340?
15
Calculate the highest common factor of 4365 and 216028215.
4365
What is the greatest common factor of 110 and 6373565?
55
Calculate the highest common divisor of 12317 and 1118926.
113
Calculate the greatest common divisor of 225565 and 134423.
229
What is the highest common factor of 6216 and 59805172?
1036
Calculate the highest common divisor of 11685 and 236548803.
2337
Calculate the highest common divisor of 136761322 and 246.
82
What is the highest common factor of 22154 and 155687818?
1166
Calculate the highest common factor of 141 and 1669854.
3
Calculate the highest common divisor of 75572 and 12852.
28
Calculate the highest common factor of 28922672 and 1880.
376
What is the highest common divisor of 37434 and 618?
6
Calculate the highest common factor of 782520 and 4920.
120
Calculate the highest common divisor of 2769 and 2466327.
213
Calculate the highest common divisor of 6525113 and 418.
19
What is the greatest common factor of 2156 and 348392?
44
What is the highest common factor of 2138521 and 1001?
77
Calculate the highest common factor of 2681937 and 1728.
27
Calculate the greatest common factor of 10269 and 13482.
63
Calculate the greatest common factor of 80037695 and 515.
515
Calculate the greatest common factor of 2862638362 and 9556.
4778
What is the greatest common factor of 974 and 7239255?
487
Calculate the highest common factor of 672 and 11346384.
336
Calculate the highest common factor of 64777 and 976567.
307
What is the highest common factor of 389 and 14137427?
389
What is the highest common divisor of 35174 and 6900812?
86
Calculate the greatest common factor of 37408 and 31730.
334
What is the greatest common divisor of 8519099 and 29675?
1187
Calculate the highest common factor of 2501673 and 475.
19
What is the greatest common factor of 37853540 and 40?
20
What is the highest common factor of 62062 and 14807?
13
What is the highest common divisor of 2806680 and 139080?
2280
What is the highest common factor of 183 and 3672?
3
What is the highest common factor of 352931898 and 462?
66
What is the greatest common factor of 405 and 773967150?
405
What is the highest common divisor of 2729485 and 220?
55
What is the greatest common factor of 282511 and 2128?
19
What is the greatest common divisor of 481883401 and 87?
29
Calculate the greatest common factor of 10746100 and 200.
100
Calculate the highest common divisor of 1464 and 41314776.
24
What is the greatest common factor of 3972227 and 12033?
1337
Calculate the greatest common factor of 76282 and 325529.
887
Calculate the highest common divisor of 3360 and 1835610.
210
Calculate the highest common factor of 4241625 and 125.
125
What is the greatest common factor of 17486 and 617414?
14
Calculate the highest common divisor of 2124038191 and 11.
11
What is the greatest common divisor of 723504 and 2544?
48
What is the greatest common divisor of 374 and 793084?
34
What is the highest common divisor of 10801223 and 635?
127
What is the highest common factor of 400509334 and 4143?
1381
What is the greatest common factor of 12094819 and 41107?
407
What is the greatest common factor of 69 and 10914305?
23
Calculate the highest common divisor of 1007315 and 174.
29
What is the greatest common factor of 6330132 and 180?
36
Calculate the greatest common factor of 3777779094 and 13007.
13007
What is the greatest common factor of 95050296 and 33?
33
Calculate the greatest common divisor of 60732 and 51996.
84
What is the highest common divisor of 162299600 and 800?
400
Calculate the highest common factor of 593060 and 1170.
130
Calculate the highest common factor of 13266460 and 40.
20
Calculate the greatest common factor of 3 and 11754021.
3
Calculate the greatest common divisor of 86745555 and 90.
45
What is the highest common divisor of 6363 and 177053?
101
Calculate the greatest common divisor of 33 and 115383477.
33
What is the highest common divisor of 1920046724 and 796?
796
Calculate the greatest common divisor of 260406 and 62678592.
11322
Calculate the highest common factor of 350893083 and 76.
19
Calculate the highest common factor of 7724208 and 6802.
358
What is the greatest common factor of 13115314 and 16?
2
Calculate the greatest common factor of 1308881 and 95081.
2023
What is the highest common divisor of 81 and 133257240?
9
What is the highest common factor of 609 and 85286187?
609
What is the highest common divisor of 1626423496 and 4304?
2152
What is the highest common divisor of 2616 and 420984?
24
Calculate the highest common factor of 1843767 and 638069.
587
What is the highest common divisor of 1289959 and 4642?
11
Calculate the highest common divisor of 85023 and 167931.
423
Calculate the highest common divisor of 300 and 10439556.
12
What is the highest common factor of 16 and 547244?
4
What is the highest common divisor of 30 and 11877170?
10
Calculate the highest common factor of 395 and 182567025.
395
What is the highest common divisor of 76320 and 25188780?
3180
Calculate the greatest common divisor of 2342847 and 7098.
507
Calculate the greatest common divisor of 15 and 606051540.
15
What is the greatest common factor of 23585 and 208071587?
4717
Calculate the highest common divisor of 80075101 and 57.
19
Calculate the highest common divisor of 196091 and 2570771.
1799
Calculate the greatest common factor of 7076 and 1614836.
116
What is the highest common divisor of 187 and 420895673?
187
Calculate the highest common divisor of 24189714 and 72.
18
What is the highest common factor of 4692 and 3625743?
1173
What is the highest common divisor of 911403 and 25722?
9
Calculate the highest common divisor of 17243176 and 200.
8
What is the highest common factor of 57787797 and 1995?
57
What is the greatest common factor of 7423 and 76492?
13
Calculate the highest common divisor of 33 and 2813817.
3
What is th